[INFO] cloning repository https://github.com/milkey-mouse/quick-error-ice
[INFO] running `Command { std: "git" "-c" "credential.helper=" "-c" "credential.helper=/workspace/cargo-home/bin/git-credential-null" "clone" "--bare" "https://github.com/milkey-mouse/quick-error-ice" "/workspace/cache/git-repos/https%3A%2F%2Fgithub.com%2Fmilkey-mouse%2Fquick-error-ice", kill_on_drop: false }`
[INFO] [stderr] Cloning into bare repository '/workspace/cache/git-repos/https%3A%2F%2Fgithub.com%2Fmilkey-mouse%2Fquick-error-ice'...
[INFO] running `Command { std: "git" "rev-parse" "HEAD", kill_on_drop: false }`
[INFO] [stdout] 18cd5d5d2cea988d379a8820fd07cffd2413374e
[INFO] checking milkey-mouse/quick-error-ice against try#72f88fc4e9458f89516a0b8b0868f3718aec5b47 for pr-74989
[INFO] running `Command { std: "git" "clone" "/workspace/cache/git-repos/https%3A%2F%2Fgithub.com%2Fmilkey-mouse%2Fquick-error-ice" "/workspace/builds/worker-14/source", kill_on_drop: false }`
[INFO] [stderr] Cloning into '/workspace/builds/worker-14/source'...
[INFO] [stderr] done.
[INFO] validating manifest of git repo https://github.com/milkey-mouse/quick-error-ice on toolchain 72f88fc4e9458f89516a0b8b0868f3718aec5b47
[INFO] running `Command { std: "/workspace/cargo-home/bin/cargo" "+72f88fc4e9458f89516a0b8b0868f3718aec5b47" "read-manifest" "--manifest-path" "Cargo.toml", kill_on_drop: false }`
[INFO] started tweaking git repo https://github.com/milkey-mouse/quick-error-ice
[INFO] finished tweaking git repo https://github.com/milkey-mouse/quick-error-ice
[INFO] tweaked toml for git repo https://github.com/milkey-mouse/quick-error-ice written to /workspace/builds/worker-14/source/Cargo.toml
[INFO] crate git repo https://github.com/milkey-mouse/quick-error-ice already has a lockfile, it will not be regenerated
[INFO] running `Command { std: "/workspace/cargo-home/bin/cargo" "+72f88fc4e9458f89516a0b8b0868f3718aec5b47" "fetch" "--locked" "--manifest-path" "Cargo.toml", kill_on_drop: false }`
[INFO] running `Command { std: "docker" "create" "-v" "/var/lib/crater-agent-workspace/builds/worker-14/target:/opt/rustwide/target:rw,Z" "-v" "/var/lib/crater-agent-workspace/builds/worker-14/source:/opt/rustwide/workdir:ro,Z" "-v" "/var/lib/crater-agent-workspace/cargo-home:/opt/rustwide/cargo-home:ro,Z" "-v" "/var/lib/crater-agent-workspace/rustup-home:/opt/rustwide/rustup-home:ro,Z" "-e" "SOURCE_DIR=/opt/rustwide/workdir" "-e" "CARGO_TARGET_DIR=/opt/rustwide/target" "-e" "CARGO_HOME=/opt/rustwide/cargo-home" "-e" "RUSTUP_HOME=/opt/rustwide/rustup-home" "-w" "/opt/rustwide/workdir" "-m" "1610612736" "--user" "0:0" "--network" "none" "rustops/crates-build-env@sha256:d92eaeed33fa75130ca1ee6c8a01d1ffb62bac859dfdfb3450e3e5d1c0146529" "/opt/rustwide/cargo-home/bin/cargo" "+72f88fc4e9458f89516a0b8b0868f3718aec5b47" "metadata" "--no-deps" "--format-version=1", kill_on_drop: false }`
[INFO] [stdout] 68743285cb126d29e2420c4bf542602fb92f7d484ad2a16a5f511a4aa9134b4e
[INFO] [stderr] WARNING: Your kernel does not support swap limit capabilities or the cgroup is not mounted. Memory limited without swap.
[INFO] running `Command { std: "docker" "start" "-a" "68743285cb126d29e2420c4bf542602fb92f7d484ad2a16a5f511a4aa9134b4e", kill_on_drop: false }`
[INFO] running `Command { std: "docker" "inspect" "68743285cb126d29e2420c4bf542602fb92f7d484ad2a16a5f511a4aa9134b4e", kill_on_drop: false }`
[INFO] running `Command { std: "docker" "rm" "-f" "68743285cb126d29e2420c4bf542602fb92f7d484ad2a16a5f511a4aa9134b4e", kill_on_drop: false }`
[INFO] [stdout] 68743285cb126d29e2420c4bf542602fb92f7d484ad2a16a5f511a4aa9134b4e
[INFO] running `Command { std: "docker" "create" "-v" "/var/lib/crater-agent-workspace/builds/worker-14/target:/opt/rustwide/target:rw,Z" "-v" "/var/lib/crater-agent-workspace/builds/worker-14/source:/opt/rustwide/workdir:ro,Z" "-v" "/var/lib/crater-agent-workspace/cargo-home:/opt/rustwide/cargo-home:ro,Z" "-v" "/var/lib/crater-agent-workspace/rustup-home:/opt/rustwide/rustup-home:ro,Z" "-e" "SOURCE_DIR=/opt/rustwide/workdir" "-e" "CARGO_TARGET_DIR=/opt/rustwide/target" "-e" "CARGO_INCREMENTAL=0" "-e" "RUST_BACKTRACE=full" "-e" "RUSTFLAGS=--cap-lints=forbid" "-e" "CARGO_HOME=/opt/rustwide/cargo-home" "-e" "RUSTUP_HOME=/opt/rustwide/rustup-home" "-w" "/opt/rustwide/workdir" "-m" "1610612736" "--user" "0:0" "--network" "none" "rustops/crates-build-env@sha256:d92eaeed33fa75130ca1ee6c8a01d1ffb62bac859dfdfb3450e3e5d1c0146529" "/opt/rustwide/cargo-home/bin/cargo" "+72f88fc4e9458f89516a0b8b0868f3718aec5b47" "check" "--frozen" "--all" "--all-targets" "--message-format=json", kill_on_drop: false }`
[INFO] [stderr] WARNING: Your kernel does not support swap limit capabilities or the cgroup is not mounted. Memory limited without swap.
[INFO] [stdout] 9fecdb577838afd25d664863f4f50a3ab1f5b185db982be59d7475251dab10e6
[INFO] running `Command { std: "docker" "start" "-a" "9fecdb577838afd25d664863f4f50a3ab1f5b185db982be59d7475251dab10e6", kill_on_drop: false }`
[INFO] [stderr]     Checking quick-error-ice v0.1.0 (/opt/rustwide/workdir)
[INFO] [stdout] error[E0106]: missing lifetime specifier
[INFO] [stdout]  --> src/main.rs:5:25
[INFO] [stdout]   |
[INFO] [stdout] 5 |         CrashesRustc(s: &str) {
[INFO] [stdout]   |                         ^ expected named lifetime parameter
[INFO] [stdout]   |
[INFO] [stdout] 
[INFO] [stdout] 
[INFO] [stdout] error[E0106]: missing lifetime specifier
[INFO] [stdout]  --> src/main.rs:5:25
[INFO] [stdout]   |
[INFO] [stdout] 5 |         CrashesRustc(s: &str) {
[INFO] [stdout]   |                         ^ expected named lifetime parameter
[INFO] [stdout]   |
[INFO] [stdout] 
[INFO] [stdout] 
[INFO] [stdout] error[E0277]: `AReferenceInQuickError` doesn't implement `Debug`
[INFO] [stdout]   --> src/main.rs:3:1
[INFO] [stdout]    |
[INFO] [stdout] 3  | / quick_error! {
[INFO] [stdout] 4  | |     pub enum AReferenceInQuickError {
[INFO] [stdout] 5  | |         CrashesRustc(s: &str) {
[INFO] [stdout] 6  | |             display("hello, {}!", s)
[INFO] [stdout] 7  | |         }
[INFO] [stdout] 8  | |     }
[INFO] [stdout] 9  | | }
[INFO] [stdout]    | |_^ `AReferenceInQuickError` cannot be formatted using `{:?}`
[INFO] [stdout]    |
[INFO] [stdout]    = help: the trait `Debug` is not implemented for `AReferenceInQuickError`
[INFO] [stdout]    = note: add `#[derive(Debug)]` or manually implement `Debug`
[INFO] [stdout]    = note: this error originates in a macro (in Nightly builds, run with -Z macro-backtrace for more info)
[INFO] [stdout] 
[INFO] [stdout] 
[INFO] [stdout] error[E0277]: `AReferenceInQuickError` doesn't implement `Debug`
[INFO] [stdout]   --> src/main.rs:3:1
[INFO] [stdout]    |
[INFO] [stdout] 3  | / quick_error! {
[INFO] [stdout] 4  | |     pub enum AReferenceInQuickError {
[INFO] [stdout] 5  | |         CrashesRustc(s: &str) {
[INFO] [stdout] 6  | |             display("hello, {}!", s)
[INFO] [stdout] 7  | |         }
[INFO] [stdout] 8  | |     }
[INFO] [stdout] 9  | | }
[INFO] [stdout]    | |_^ `AReferenceInQuickError` cannot be formatted using `{:?}`
[INFO] [stdout]    |
[INFO] [stdout]    = help: the trait `Debug` is not implemented for `AReferenceInQuickError`
[INFO] [stdout]    = note: add `#[derive(Debug)]` or manually implement `Debug`
[INFO] [stdout]    = note: this error originates in a macro (in Nightly builds, run with -Z macro-backtrace for more info)
[INFO] [stdout] 
[INFO] [stdout] 
[INFO] [stderr] error: could not compile `quick-error-ice`.
[INFO] [stdout] error: aborting due to 2 previous errors
[INFO] [stdout] 
[INFO] [stdout] 
[INFO] [stderr] 
[INFO] [stdout] Some errors have detailed explanations: E0106, E0277.
[INFO] [stdout] 
[INFO] [stderr] To learn more, run the command again with --verbose.
[INFO] [stdout] For more information about an error, try `rustc --explain E0106`.
[INFO] [stdout] 
[INFO] [stderr] warning: build failed, waiting for other jobs to finish...
[INFO] [stdout] error: aborting due to 2 previous errors
[INFO] [stdout] 
[INFO] [stdout] 
[INFO] [stderr] error: build failed
[INFO] [stdout] Some errors have detailed explanations: E0106, E0277.
[INFO] [stdout] 
[INFO] [stdout] For more information about an error, try `rustc --explain E0106`.
[INFO] [stdout] 
[INFO] running `Command { std: "docker" "inspect" "9fecdb577838afd25d664863f4f50a3ab1f5b185db982be59d7475251dab10e6", kill_on_drop: false }`
[INFO] running `Command { std: "docker" "rm" "-f" "9fecdb577838afd25d664863f4f50a3ab1f5b185db982be59d7475251dab10e6", kill_on_drop: false }`
[INFO] [stdout] 9fecdb577838afd25d664863f4f50a3ab1f5b185db982be59d7475251dab10e6
